on divisor of n and 30?
6
Let y(b) = -b - 5. Let l be y(-7). Let v(t) = -t + t - 3*t - l*t - 8. Let o be v(-7). Calculate the greatest common divisor of 162 and o.
27
Let p = 11 - 35. Let u = p - -105. Let n be (7/(-14))/(37/(-18) - -2). What is the greatest common divisor of u and n?
9
Suppose 9*o - 8993 = -8*o. What is the highest common factor of 23 and o?
23
Let b be 6/(3*2/20). Suppose -2*g + 24 = -13*n + 15*n, -5*n + 11 = -2*g. What is the highest common factor of b and n?
5
Let i(y) be the second derivative of -y**5/20 - 5*y**4/6 + 8*y**3/3 + 15*y**2 + 6*y. Let w be i(-12). What is the greatest common factor of 14 and w?
14
Let m be 25*2*(-2)/(-5). Let y(x) = -3 - 4 + 4 + m*x. Let c be y(1). Calculate the greatest common factor of 17 and c.
17
Let o be (-8)/(-10) + (-1)/(-5). Let t(h) = 6*h - 2. Let p be t(o). Suppose y - p*y - 111 = -5*i, 39 = i + 5*y. Calculate the highest common factor of 60 and i.
12
Suppose -3*w - 5*t + 6 = 0, 2*w = -0*w - t + 4. Suppose -4*b + w + 2 = 0. Let z be (2 - b) + 48/2. What is the greatest common divisor of 125 and z?
25
Let h(a) = -5*a - a**2 - 6 + 26 + 14*a + 7*a. Let w be h(16). Let m = w - 12. Calculate the greatest common factor of m and 56.
8
Suppose 3*z - 2 = 2*z. Let p = z - 9. Let y be (-63)/(-49) + 2/p. What is the highest common divisor of 8 and y?
1
Let m(g) = -85*g - 1. Let s be m(-1). Let i = s + -42. Calculate the greatest common divisor of i and 6.
6
Let b(n) = 4*n**2 + 66*n - 12. Let r be b(-17). Calculate the highest common factor of 121 and r.
11
Let w be 588/8 - 2 - 3/(-6). Suppose -9*x + x + w = 0. Calculate the greatest common divisor of x and 63.
9
Let a(d) = 3 + 10 - 2 - 5 + d**2 - 3*d. Let n be a(12). Let r be n/((-57)/(-12) + -4). What is the highest common divisor of r and 38?
38
Let l = 6 - -14. Let d = 224 - l. Suppose -d = -2*i - 22. What is the highest common factor of i and 13?
13
Let y(j) = j**3 + 2*j**2 + 4*j + 1. Let o be y(3). Let a = 62 - o. What is the greatest common divisor of a and 4?
4
Suppose -4*r + 78 + 103 = p, 4*p = -2*r + 108. What is the highest common factor of r and 64?
4
Let x = 9 + -4. Let a be 3/(-6*5/(-450)). What is the greatest common divisor of x and a?
5
Let f be 2/(-3)*336/(-28). What is the greatest common divisor of f and 32?
8
Let d = 1699 + 623. What is the highest common factor of d and 54?
54
Suppose 0 = m - g + 54, -2*m - 3*g - 51 = 32. Let t = m - -54. What is the greatest common factor of t and 10?
5
Let k(j) = j**2 + 116 + 0*j**2 - 119 + 2*j. Let o be k(5). Calculate the highest common factor of o and 8.
8
Suppose 3*m - 53 = -4*j, -4*j + 14 = m - 1. Calculate the highest common factor of m and 57.
19
Let h = 2682 - 2622. Let n be (-3 - 0)*(-3 + 1). Calculate the highest common factor of n and h.
6
Suppose 78 + 2 = 4*a - 4*y, -4*y = -5*a + 100. Calculate the highest common divisor of 130 and a.
10
Let s be 9030/40 + 18/(-24). Calculate the highest common divisor of s and 100.
25
Suppose -2*u + 1444 = 3*q, -2*q = -0*q - u - 958. Let c be ((-5)/4)/((-8)/q). Calculate the highest common divisor of c and 25.
25
Let h(p) = -21*p + 8. Let y be h(-32). What is the greatest common factor of y and 10?
10
Let h be -2 - -2 - -10 - -94. What is the greatest common factor of h and 1300?
52
Let o be 162/15*(-20)/(-6). Calculate the greatest common divisor of 18 and o.
18
Let l = 109 - 97. Calculate the greatest common divisor of l and 36.
12
Let z be -4*5/((-40)/(-92)). Let c be -12*(4 + z/8). Suppose -4*i = -975 + 51. Calculate the greatest common divisor of c and i.
21
Let a(m) = 9*m**2 + 0*m**2 + 8*m + 7*m**2 - m**3 - 5*m**2. Let w be a(10). Calculate the greatest common factor of 36 and w.
36
Let j be 6/4*(-190)/(-15). Let o = -9 + j. Calculate the highest common divisor of 2 and o.
2
Suppose 10*d = 30*d - 820. What is the highest common factor of d and 369?
41
Suppose 5*s - 10 = k, k = 3*s - 0 - 4. Let w be ((-2)/(-4))/(s/36). Suppose 5*n - 5*f = 110, -2*n + 5*f = n - 74. What is the greatest common factor of w and n?
6
Suppose 3*u - 5*q - 97 = 0, 3*q = -2*u + 8*q + 63. What is the greatest common divisor of u and 4?
2
Let b = 52 + -113. Let y = b + 64. What is the highest common divisor of 21 and y?
3
Let i be 5/(15/9) + -9. Let n be 2/(-3*1/i). Suppose 5*r = r + n. Calculate the greatest common factor of 1 and r.
1
Let q(b) = -71*b**3 - 5*b**2 - 7*b - 11. Let n be q(-2). What is the greatest common divisor of 19 and n?
19
Let d(r) = r**2 + r - 6. Suppose 45 = 3*h - 6*h. Let z = 10 + h. Let g be d(z). Calculate the highest common factor of g and 42.
14
Let t(d) = d**3 - 18*d**2 + 17*d + 19. Let r be t(17). Let z = 61 + -23. What is the greatest common factor of r and z?
19
Let p(x) = -x**3 - 3*x**2 - 2*x - 2. Let h = -13 - -11. Let y be p(h). Let k be 3/y*280/(-15). What is the greatest common factor of 196 and k?
28
Suppose -13*y + 34 = -12*y. Let i = y - 23. Calculate the highest common factor of i and 88.
11
Let h be 39/(-91) - 32/7. Let s(w) = 3*w**2 + 11*w + 4. Let v be s(h). What is the greatest common factor of v and 16?
8
Suppose -3*a - 5*d = -489, -38*a = -43*a + 2*d + 846. Calculate the highest common factor of 483 and a.
21
Suppose -u = -3*n - 0*n - 15, -u + 20 = -4*n. Suppose 5*z = s + 851, u = 2*z + 5*s + 14 - 376. What is the greatest common divisor of 19 and z?
19
Let n(f) = 2*f**2 - 10*f + 8. Let p(t) = -2*t + 20. Let v be p(7). Let j be n(v). What is the highest common factor of j and 60?
20
Let l be (2934 + 0)/6 + -6. What is the greatest common factor of 69 and l?
69
Suppose 3*c + 2*c = 20. Let k(f) = f**3 - 4*f**2 + 4*f - 5. Let u be k(c). Let h be 4/(-10) + 607/5. Calculate the highest common factor of h and u.
11
Let w be ((-40)/(-15) + 2)*6/4. What is the greatest common factor of 4 and w?
1
Let a = -2 - -18. Let m = a - 11. Suppose y - m*y = -68. What is the highest common divisor of y and 187?
17
Let w be 1 + (-10)/(-5) + -3. Suppose w = -3*v + 256 + 68. What is the highest common divisor of v and 12?
12
Let w be (6/4)/(30/40). Suppose -2*b - 44 = 2*b. Let j be 210/66 + w/b. Calculate the highest common divisor of 21 and j.
3
Let a = -54 + 57. Suppose u = -w - w + 82, a*w - 126 = -3*u. What is the highest common divisor of w and 8?
8
Suppose -16*z + 28 = -14*z. Calculate the greatest common factor of z and 91.
7
Let n(c) = -2*c**3 + 16*c**2 + 11*c - 11. Let o be 74/6 + -4 - 1/3. Let t be n(o). Calculate the greatest common divisor of t and 11.
11
Let i(w) = 0*w + 2*w - 4 - 3. Let c be i(8). Let h be c/(1/10*3). Calculate the greatest common divisor of 12 and h.
6
Let l(j) = -j + 8. Let o be l(6). Let t be o*(1 - (1 - 6)). Let r be 762/t + (-2)/(-4). Calculate the highest common factor of r and 8.
8
Let o = -298 - -329. Suppose -4*h = -h - 465. Calculate the highest common factor of h and o.
31
Let j = 244 + -343. Let l be 3/(-4) + j/(-36). Let i be (-11)/l*(-348)/6. What is the highest common divisor of 29 and i?
29
Let v be (-7608)/30*-1 + 3/(-5). Calculate the greatest common factor of v and 11.
11
Let k = -456 - -820. What is the greatest common factor of k and 56?
28
Let q(z) = 3*z**3 - 4*z**2 + z + 3. Let i be q(3). Suppose m = o - i, -2*m = -o + m + 45. Suppose 2*k = o - 6. What is the highest common factor of k and 8?
8
Let v(l) = 179*l + 39. Let k be v(3). Calculate the greatest common factor of 9 and k.
9
Let i be (32 - (18 + -8)) + -8. Let m(y) = 35*y**2 - y - 2. Let d be m(-2). Calculate the highest common divisor of i and d.
14
Suppose -5 = o - 3*m, 5*o + 2*m - 9 - 17 = 0. Suppose -o*y = -v - 9*y + 177, 2*v - 4*y = 396. Calculate the highest common divisor of 24 and v.
24
Suppose -32*r + 32 = -30*r. Calculate the highest common factor of r and 128.
16
Let p be 4/20 + 0 - (-4392)/40. Calculate the highest common divisor of 40 and p.
10
Let a = 60 - 40. Suppose -81*q = -84*q + 12. Calculate the highest common divisor of a and q.
4
Suppose 0 = 3*r - 7*r - 5*o + 530, r = -o + 132. Calculate the greatest common factor of r and 52.
26
Let u = 263 - 235. Calculate the highest common factor of 70 and u.
14
Let x be 9 + -7 + 2/2. Let u be (-4 - -16)/x - -32. Let q = u - 3. Calculate the highest common factor of 66 and q.
33
Let w = -1458 + 1573. What is the greatest common factor of w and 23?
23
Let u(a) = -a**2 